{"id":1820,"date":"2016-01-21T21:00:46","date_gmt":"2016-01-21T21:00:46","guid":{"rendered":"http:\/\/lepetitmas.ca\/blog\/wp-content\/uploads\/2016\/01\/IMG_6563.jpg"},"modified":"2016-01-21T21:00:46","modified_gmt":"2016-01-21T21:00:46","slug":"img_6563","status":"inherit","type":"attachment","link":"https:\/\/lepetitmas.ca\/blog\/img_6563\/","title":{"rendered":"Rencontre entre Le Petit Mas &#8211; ail du Qu\u00e9bec &#8211; et J\u00e9r\u00f4me Ferrer &#8211; chef"},"author":1,"comment_status":"open","ping_status":"open","template":"","meta":[],"description":{"rendered":"<p class=\"attachment\"><a href='https:\/\/lepetitmas.ca\/blog\/wp-content\/uploads\/2016\/01\/IMG_6563.jpg'><img width=\"300\" height=\"200\" src=\"https:\/\/lepetitmas.ca\/blog\/wp-content\/uploads\/2016\/01\/IMG_6563-300x200.jpg\" class=\"attachment-medium size-medium\" alt=\"Rencontre entre Le Petit Mas - ail du Qu\u00e9bec - et J\u00e9r\u00f4me Ferrer - chef\" loading=\"lazy\" srcset=\"https:\/\/lepetitmas.ca\/blog\/wp-content\/uploads\/2016\/01\/IMG_6563-300x200.jpg 300w, https:\/\/lepetitmas.ca\/blog\/wp-content\/uploads\/2016\/01\/IMG_6563-1024x682.jpg 1024w, https:\/\/lepetitmas.ca\/blog\/wp-content\/uploads\/2016\/01\/IMG_6563-200x133.jpg 200w, https:\/\/lepetitmas.ca\/blog\/wp-content\/uploads\/2016\/01\/IMG_6563-148x98.jpg 148w, https:\/\/lepetitmas.ca\/blog\/wp-content\/uploads\/2016\/01\/IMG_6563-31x20.jpg 31w, https:\/\/lepetitmas.ca\/blog\/wp-content\/uploads\/2016\/01\/IMG_6563-38x25.jpg 38w, https:\/\/lepetitmas.ca\/blog\/wp-content\/uploads\/2016\/01\/IMG_6563-322x215.jpg 322w, https:\/\/lepetitmas.ca\/blog\/wp-content\/uploads\/2016\/01\/IMG_6563-450x300.jpg 450w\" sizes=\"(max-width: 300px) 100vw, 300px\" \/><\/a><\/p>\n<p>Rencontre entre Le Petit Mas &#8211; ail du Qu\u00e9bec &#8211; et J\u00e9r\u00f4me Ferrer &#8211; chef<\/p>\n"},"caption":{"rendered":"<p>Rencontre entre Le Petit Mas &#8211; ail du Qu\u00e9bec &#8211; et J\u00e9r\u00f4me Ferrer &#8211; chef<\/p>\n"},"alt_text":"Rencontre entre Le Petit Mas - ail du Qu\u00e9bec - et J\u00e9r\u00f4me Ferrer - chef","media_type":"image","mime_type":"image\/jpeg","media_details":{"width":"5184","height":"3456","hwstring_small":"height='85' width='128'","file":"2016\/01\/IMG_6563.jpg","sizes":{"thumbnail":{"file":"IMG_6563-150x150.jpg","width":"150","height":"150","source_url":"https:\/\/lepetitmas.ca\/blog\/wp-content\/uploads\/2016\/01\/IMG_6563-150x150.jpg"},"medium":{"file":"IMG_6563-300x200.jpg","width":"300","height":"200","source_url":"https:\/\/lepetitmas.ca\/blog\/wp-content\/uploads\/2016\/01\/IMG_6563-300x200.jpg"},"large":{"file":"IMG_6563-1024x682.jpg","width":"1024","height":"682","source_url":"https:\/\/lepetitmas.ca\/blog\/wp-content\/uploads\/2016\/01\/IMG_6563-1024x682.jpg"},"rss-image":{"file":"IMG_6563-200x133.jpg","width":"200","height":"133","source_url":"https:\/\/lepetitmas.ca\/blog\/wp-content\/uploads\/2016\/01\/IMG_6563-200x133.jpg"},"product-thumbnails":{"file":"IMG_6563-148x98.jpg","width":"148","height":"98","source_url":"https:\/\/lepetitmas.ca\/blog\/wp-content\/uploads\/2016\/01\/IMG_6563-148x98.jpg"},"gold-thumbnails":{"file":"IMG_6563-31x20.jpg","width":"31","height":"20","source_url":"https:\/\/lepetitmas.ca\/blog\/wp-content\/uploads\/2016\/01\/IMG_6563-31x20.jpg"},"admin-product-thumbnails":{"file":"IMG_6563-38x25.jpg","width":"38","height":"25","source_url":"https:\/\/lepetitmas.ca\/blog\/wp-content\/uploads\/2016\/01\/IMG_6563-38x25.jpg"},"featured-product-thumbnails":{"file":"IMG_6563-322x215.jpg","width":"322","height":"215","source_url":"https:\/\/lepetitmas.ca\/blog\/wp-content\/uploads\/2016\/01\/IMG_6563-322x215.jpg"},"small-product-thumbnail":{"file":"IMG_6563-148x98.jpg","width":"148","height":"98","source_url":"https:\/\/lepetitmas.ca\/blog\/wp-content\/uploads\/2016\/01\/IMG_6563-148x98.jpg"},"medium-single-product":{"file":"IMG_6563-148x98.jpg","width":"148","height":"98","source_url":"https:\/\/lepetitmas.ca\/blog\/wp-content\/uploads\/2016\/01\/IMG_6563-148x98.jpg"},"post-thumbnail":{"file":"IMG_6563-1000x288.jpg","width":"1000","height":"288","source_url":"https:\/\/lepetitmas.ca\/blog\/wp-content\/uploads\/2016\/01\/IMG_6563-1000x288.jpg"},"large-feature":{"file":"IMG_6563-1000x288.jpg","width":"1000","height":"288","source_url":"https:\/\/lepetitmas.ca\/blog\/wp-content\/uploads\/2016\/01\/IMG_6563-1000x288.jpg"},"small-feature":{"file":"IMG_6563-450x300.jpg","width":"450","height":"300","source_url":"https:\/\/lepetitmas.ca\/blog\/wp-content\/uploads\/2016\/01\/IMG_6563-450x300.jpg"},"full":{"file":"IMG_6563.jpg","width":5184,"height":3456,"mime_type":"image\/jpeg","source_url":"https:\/\/lepetitmas.ca\/blog\/wp-content\/uploads\/2016\/01\/IMG_6563.jpg"}},"image_meta":{"aperture":"0","credit":"","camera":"","caption":"","created_timestamp":"0","copyright":"","focal_length":"0","iso":"0","shutter_speed":"0","title":""}},"post":null,"source_url":"https:\/\/lepetitmas.ca\/blog\/wp-content\/uploads\/2016\/01\/IMG_6563.jpg","_links":{"self":[{"href":"https:\/\/lepetitmas.ca\/blog\/wp-json\/wp\/v2\/media\/1820"}],"collection":[{"href":"https:\/\/lepetitmas.ca\/blog\/wp-json\/wp\/v2\/media"}],"about":[{"href":"https:\/\/lepetitmas.ca\/blog\/wp-json\/wp\/v2\/types\/attachment"}],"author":[{"embeddable":true,"href":"https:\/\/lepetitmas.ca\/blog\/wp-json\/wp\/v2\/users\/1"}],"replies":[{"embeddable":true,"href":"https:\/\/lepetitmas.ca\/blog\/wp-json\/wp\/v2\/comments?post=1820"}]}}

Rencontre entre Le Petit Mas &#8211; ail du Québec &#8211; et Jérôme Ferrer &#8211; chef

<p class="attachment"><a href='https://lepetitmas.ca/blog/wp-content/uploads/2016/01/IMG_6563.jpg'><img width="300" height="200" src="https://lepetitmas.ca/blog/wp-content/uploads/2016/01/IMG_6563-300x200.jpg" class="attachment-medium size-medium" alt="Rencontre entre Le Petit Mas - ail du Québec - et Jérôme Ferrer - chef" loading="lazy" srcset="https://lepetitmas.ca/blog/wp-content/uploads/2016/01/IMG_6563-300x200.jpg 300w, https://lepetitmas.ca/blog/wp-content/uploads/2016/01/IMG_6563-1024x682.jpg 1024w, https://lepetitmas.ca/blog/wp-content/uploads/2016/01/IMG_6563-200x133.jpg 200w, https://lepetitmas.ca/blog/wp-content/uploads/2016/01/IMG_6563-148x98.jpg 148w, https://lepetitmas.ca/blog/wp-content/uploads/2016/01/IMG_6563-31x20.jpg 31w, https://lepetitmas.ca/blog/wp-content/uploads/2016/01/IMG_6563-38x25.jpg 38w, https://lepetitmas.ca/blog/wp-content/uploads/2016/01/IMG_6563-322x215.jpg 322w, https://lepetitmas.ca/blog/wp-content/uploads/2016/01/IMG_6563-450x300.jpg 450w" sizes="(max-width: 300px) 100vw, 300px" /></a></p>
<p>Rencontre entre Le Petit Mas &#8211; ail du Québec &#8211; et Jérôme Ferrer &#8211; chef</p>

<p>Rencontre entre Le Petit Mas &#8211; ail du Québec &#8211; et Jérôme Ferrer &#8211; chef</p>

Rencontre entre Le Petit Mas - ail du Québec - et Jérôme Ferrer - chef
