{"id":496,"date":"2013-06-19T13:52:38","date_gmt":"2013-06-19T13:52:38","guid":{"rendered":"http:\/\/lepetitmas.ca\/blog\/wp-content\/uploads\/2012\/10\/aliment-du-Qu\u00e9bec.jpg"},"modified":"2013-06-19T13:52:38","modified_gmt":"2013-06-19T13:52:38","slug":"aliment-du-quebec","status":"inherit","type":"attachment","link":"https:\/\/lepetitmas.ca\/blog\/aliment-du-quebec\/","title":{"rendered":"aliment du Qu\u00e9bec"},"author":1,"comment_status":"open","ping_status":"open","template":"","meta":[],"description":{"rendered":"<p class=\"attachment\"><a href='https:\/\/lepetitmas.ca\/blog\/wp-content\/uploads\/2012\/10\/aliment-du-Qu\u00e9bec.jpg'><img width=\"300\" height=\"200\" src=\"https:\/\/lepetitmas.ca\/blog\/wp-content\/uploads\/2012\/10\/aliment-du-Qu\u00e9bec-300x200.jpg\" class=\"attachment-medium size-medium\" alt=\"\" loading=\"lazy\" srcset=\"https:\/\/lepetitmas.ca\/blog\/wp-content\/uploads\/2012\/10\/aliment-du-Qu\u00e9bec-300x200.jpg 300w, https:\/\/lepetitmas.ca\/blog\/wp-content\/uploads\/2012\/10\/aliment-du-Qu\u00e9bec-1024x682.jpg 1024w\" sizes=\"(max-width: 300px) 100vw, 300px\" \/><\/a><\/p>\n<p>Aliment du Qu\u00e9bec, ail du Qu\u00e9bec, r\u00e9serve annuelle<\/p>\n"},"caption":{"rendered":"<p>Aliment du Qu\u00e9bec, ail du Qu\u00e9bec, r\u00e9serve annuelle<\/p>\n"},"alt_text":"","media_type":"image","mime_type":"image\/jpeg","media_details":{"width":"3072","height":"2048","hwstring_small":"height='85' width='128'","file":"2012\/10\/aliment-du-Qu\u00e9bec.jpg","sizes":{"thumbnail":{"file":"aliment-du-Qu\u00e9bec-150x150.jpg","width":"150","height":"150","source_url":"https:\/\/lepetitmas.ca\/blog\/wp-content\/uploads\/2012\/10\/aliment-du-Qu\u00e9bec-150x150.jpg"},"medium":{"file":"aliment-du-Qu\u00e9bec-300x200.jpg","width":"300","height":"200","source_url":"https:\/\/lepetitmas.ca\/blog\/wp-content\/uploads\/2012\/10\/aliment-du-Qu\u00e9bec-300x200.jpg"},"large":{"file":"aliment-du-Qu\u00e9bec-1024x682.jpg","width":"1024","height":"682","source_url":"https:\/\/lepetitmas.ca\/blog\/wp-content\/uploads\/2012\/10\/aliment-du-Qu\u00e9bec-1024x682.jpg"},"full":{"file":"aliment-du-Qu\u00e9bec.jpg","width":3072,"height":2048,"mime_type":"image\/jpeg","source_url":"https:\/\/lepetitmas.ca\/blog\/wp-content\/uploads\/2012\/10\/aliment-du-Qu\u00e9bec.jpg"}},"image_meta":{"aperture":"7.1","credit":"","camera":"Canon EOS DIGITAL REBEL","caption":"","created_timestamp":"1350902863","copyright":"","focal_length":"47","iso":"800","shutter_speed":"0.01","title":""}},"post":null,"source_url":"https:\/\/lepetitmas.ca\/blog\/wp-content\/uploads\/2012\/10\/aliment-du-Qu\u00e9bec.jpg","_links":{"self":[{"href":"https:\/\/lepetitmas.ca\/blog\/wp-json\/wp\/v2\/media\/496"}],"collection":[{"href":"https:\/\/lepetitmas.ca\/blog\/wp-json\/wp\/v2\/media"}],"about":[{"href":"https:\/\/lepetitmas.ca\/blog\/wp-json\/wp\/v2\/types\/attachment"}],"author":[{"embeddable":true,"href":"https:\/\/lepetitmas.ca\/blog\/wp-json\/wp\/v2\/users\/1"}],"replies":[{"embeddable":true,"href":"https:\/\/lepetitmas.ca\/blog\/wp-json\/wp\/v2\/comments?post=496"}]}}

http://lepetitmas.ca/blog/wp-content/uploads/2012/10/aliment-du-Québec.jpg

aliment du Québec

<p class="attachment"><a href='https://lepetitmas.ca/blog/wp-content/uploads/2012/10/aliment-du-Québec.jpg'><img width="300" height="200" src="https://lepetitmas.ca/blog/wp-content/uploads/2012/10/aliment-du-Québec-300x200.jpg" class="attachment-medium size-medium" alt="" loading="lazy" srcset="https://lepetitmas.ca/blog/wp-content/uploads/2012/10/aliment-du-Québec-300x200.jpg 300w, https://lepetitmas.ca/blog/wp-content/uploads/2012/10/aliment-du-Québec-1024x682.jpg 1024w" sizes="(max-width: 300px) 100vw, 300px" /></a></p>
<p>Aliment du Québec, ail du Québec, réserve annuelle</p>

<p>Aliment du Québec, ail du Québec, réserve annuelle</p>

2012/10/aliment-du-Québec.jpg

aliment-du-Québec-150x150.jpg

https://lepetitmas.ca/blog/wp-content/uploads/2012/10/aliment-du-Québec-150x150.jpg

aliment-du-Québec-300x200.jpg

https://lepetitmas.ca/blog/wp-content/uploads/2012/10/aliment-du-Québec-300x200.jpg

aliment-du-Québec-1024x682.jpg

https://lepetitmas.ca/blog/wp-content/uploads/2012/10/aliment-du-Québec-1024x682.jpg

aliment-du-Québec.jpg

https://lepetitmas.ca/blog/wp-content/uploads/2012/10/aliment-du-Québec.jpg
